 + 15.
-14
What is (48 - (152 - 59)) + 51?
6
2 + (3 + 34 - 27 - 14 - (-1 + -15))
14
24 + -13 + -63 - (-3 - 12)
-37
(-20 - (-41 - (-17 + -6))) + 0 + 10 + -48
-40
26 + -4 + (11 + -4 + 3 - 0)
32
What is 596 - 489 - (-4 + 86)?
25
What is the value of 67 - ((179 - 56) + -2)?
-54
What is the value of (-6 + -8 - -19) + -15 + -1 + 31?
20
(-12 + 14 - (-8 - -22)) + -97 + -4
-113
Calculate 14 - (-16 + 9 - (2 - 24)).
-1
What is the value of 18 + (5 - (-4 + 17) - (2 + -7))?
15
Calculate 3 + 63 + -29 + 23 + -1.
59
What is the value of -106 - -5 - 7 - ((-5 - -9) + -13 - 1)?
-98
What is 0 + -155 - (3355 + -3494)?
-16
What is 23 - (-57 - -37) - ((8 - 2) + 1)?
36
What is the value of (8 - 49) + 57 - -6?
22
What is the value of -76 + (80 - (42 - 1)) + -15?
-52
Evaluate -15165 + 15193 - (-14 + (1 - 1)).
42
Calculate -44 + -10 + (5 - 1) - (15 + 6 + -13).
-58
What is -11 - (-5 + 10 - 17 - -3) - (34 + -1)?
-35
What is 34 - 49 - (-76 - -19)?
42
-7 + -6 + (1 - (2 - 0)) + 12 + 0
-2
3 - 2 - (8 - 1 - (4 - -10)) - 49
-41
Evaluate -48 - (27 - (28 + 29)).
-18
What is 0 + -58 + (2556 - 2505)?
-7
(14 - 0) + -53 + -36 + 98
23
Evaluate -10 + -62 + 4 + -16.
-84
Evaluate -34 + (65 + -55 - -53).
29
What is (0 - 5) + 4 - (-16 - (26 - 81))?
-40
-4021 + 4011 - (1 + -37)
26
-114 - -35 - (-15 - 7)
-57
What is the value of (182 - (-97 - -262)) + (-7 - -2)?
12
What is (0 - 1 - -24) + (2024 - 2017) + 6?
36
-46 + (-7 - (12 + -4)) + 4
-57
(-8 - (1 - -3)) + (-13 - (-4 - 85))
64
What is the value of (44 - -4) + (-1 - (-3 + 1)) + -6 - -2?
45
What is -31 + 90 + 34 - 6?
87
What is -6067 + 6092 - (53 + 0 + -2)?
-26
Evaluate (523 - 496) + (5 + -1 - 33).
-2
What is -18 - (-17 - -28 - 116 - -25)?
62
-227 - -120 - -97 - (-39 + -3)
32
-54 - (-7 + (6 - -6)) - (20 + (7 - 28))
-58
What is 101 - (108 + -59) - 10?
42
What is the value of 59 + (-128 - -34) + 22?
-13
Evaluate 13 - 20 - (-21 + 0) - (52 + -7).
-31
(24 - 19 - 7 - 15) + 7 - (35 - 0)
-45
Evaluate -791 + 821 - (1 + -2 - -9).
22
Calculate (3 + -1 - -32) + (19 - (15 - (31 + -26))).
43
(-2757 - -2850) + (0 - 190)
-97
(4 - (7 - (3 + 6 - 11))) + -1 + -5
-11
-8 + 7 + 2 + 36 + -53 + 10
-6
30 + 60 + (71 - 139)
22
Evaluate 4 + 9 + (8 - 18) + (8 - 5) + -6.
0
What is the value of (980 - 988) + -3 + 26?
15
What is (-3 + 1 + -7 - (-19 - -13)) + 10 + -10?
-3
What is -5 - 4 - 2 - ((-3 - -7) + -63 + 5)?
43
Evaluate -11 + (13 - (15 + 4 + -8)) + 47.
38
What is the value of 96 - (234 + 2 + -44)?
-96
What is the value of -4 + (11 - (-17 - -38)) + -3?
-17
Calculate (85 - 166) + 147 - -24.
90
What is 289 + -317 + -7 + (68 - 0)?
33
What is the value of (21 - (34 - (2 + -13))) + -42?
-66
Evaluate -386 + 442 + 0 + 35.
91
What is the value of -2 - 0 - (5 + -19 - (-14 + 42))?
40
2 - 147 - -116 - (-3 + 2 - -1)
-29
What is -27 + 9 + -4 + (-12 - -26) + 6 - 32?
-34
Evaluate -19 + (-14 + -7 - -21) + -26.
-45
22 + (68 - (15 - -27))
48
What is 1724 + -1826 - (-84 + -3)?
-15
What is 310 + -289 - (6 - 3)?
18
What is the value of -33 - (-21 + (-6 - 0))?
-6
What is 27 - 0 - ((-13 - (-18 + 20)) + 21)?
21
44 + (-14 + -38 - -23) - -72
87
What is the value of -36 + 54 - ((-3 - -8) + 3) - (-11 + 0)?
21
Evaluate 2 + 2 + -2 + -6 + 17 + -44 + 20.
-11
What is (-25 - -11) + 22 - ((6 - 0) + 5)?
-3
(-2 - (-29 + 34)) + (-4 - -7) + -7 + 7
-4
161 - (-102 + 170) - 138
-45
-66 - (-1 - 13 - -24 - 15)
-61
What is 1 + -1 + 10 - 4 - (-53 + 128)?
-69
17 + 3 + (-160 + 56 - -98)
14
What is 463 - 395 - (-1 + 1 - 16) - 18?
66
Evaluate 1 + 44 - (-16 + (29 - 19) - -14).
37
Calculate 40 + 37 + (-7 - 18).
52
What is -18 + -16 - -18 - 0 - (-21 + (-3 - -8))?
0
What is the value of -5 + (10 + -38 - -22) - (-11 + 4)?
-4
What is the value of -7 - -9 - (-47 + 13 + (7 - 1))?
30
Evaluate -24 + 66 + (2 - 51).
-7
What is 2 + 38 + -70 + 283 + -261?
-8
Calculate 45 - (75 + -102 + -1 + -2).
75
Calculate -93 + -69 + (-56 - -196).
-22
Evaluate (-167 - -179 - (-8 + -1)) + 21.
42
Calculate -163 + (119 - -18 - 47).
-73
What is the value of -24 - -19 - (21 + 6) - -99?
67
Calculate 42 - (38 + 22 + -13).
-5
Evaluate 4 + -12 - 0 - 36.
-44
Evaluate 4 - ((42 - (-37 - -65)) + -25 + 2).
13
What is the value of (-31 - ((-5 + 21 - 25) + 7)) + -8?
-37
Calculate 14 + 2 + -2 + (-691 - -691) + -7.
7
Calculate 35 + -20 + -14 + -2 + -4.
-5
Calculate -84 - 0 - (-144 + 128 - (-26 - 1)).
-95
-57 - (-22 + 19 + 2 - (-2 + -3 + -2))
-63
What is the value of 45 + -12 + 39 - 32?
40
What is the value of 0 + (-11 - (15 - 33)) - (1 + 10)?
-4
Evaluate -134 + (23 - ((19 - 2) + 12)) + 3.
-137
What is the value of -63 + (188 - 0) - (10 + -6 + -3)?
124
(-1157 - -1060) + 8 + 3
-86
Evaluate -67 + -1 + (-168 - -190) + -12 - (1 + -10).
-49
What is the value of 106 - (54 + 5) - (-23 - -13)?
57
Evaluate 15 + ((-51 - -4 - -25) + -107 - -19).
-95
1 + -5 + 24 + -9 + -32 + -13
-34
What is the value of 56 + -65 - (-34 + (-3 - -4))?
24
Calculate (-24 + 0 - 4) + -2 + -8 + 7 + 15.
-16
Evaluate 29 + (-6 + -9 - -15) + 7 - -11.
47
What is the value of 38 + 0 - (-370 + 481)?
-73
Evaluate -7 - (8 - (-13 + (42 - 11))).
3
Calculate 48 + 10 + (12 - 7 - 13) + -2 + 4.
52
Calculate (-146 - -276) + -137 + (131 - -3).
127
Calculate -46 - -116 - 41 - 33.
-4
What is 5 - (13 - 27 - -41 - -17)?
-39
Evaluate -14 + (121 - 80) + 1.
28
77 - (-14 - ((8 - -6) + -12) - (6 + -16))
83
Evaluate (-22 - -2) + (-81 - -38 - -22) + 1.
-40
What is the value of 39 - (66 + -102 + 43)?
32
What is (-8 - (-5 - 1)) + 0 + 13 + (-33 - 16)?
-38
What is the value of 12 - (31 + 17 + -29)?
-7
What is (2 - (68 - (-21 - -13))) + (5 - -2 - 10)?
-77
What is (391 - 389 - (2 - -3)) + (74 - (3 + -2))?
70
Evaluate (-28 - 9) + 30 - -4.
-3
What is 18 + -1 + (150 - 168) - 12?
-13
0 + 19 + 0 + (110 - 69 - -27) + -73
14
What is the value of 78 - 31 - -4 - 15?
36
What is the value of (-11 + 38 - 8) + 10?
29
What is -25 - -20 - (8 - -2 - 0) - 13?
-28
-46 - (17 + 47 - 137)
27
Evaluate 19 - (-9 + (11 - (2 + -1 + -3))).
15
Evaluate -629 + (-459 - -1087) + (1 + 18 - 0).
18
29 + (48 - 102) + -19
-44
What is the value of -5 + (-28 - -9 - -11 - (-33 + 4 + -9))?
25
What is (2 + 0 - 4) + 9 - (57 - 41) - 53?
-62
Calculate (105 - (76 + 12)) + 58.
75
Calculate (-124 - -130 - -15) + -86.
-65
What is the value of -62 + (28 - -2) + 2?
-30
Evaluate 7 - ((108 - 0) + -27 + 21 + 9) - -4.
-100
Evaluate -431 + 414 + (-20 - -1) - 9.
-45
Evaluate 98 + (-213 - -14) - -96.
-5
What is -1 + -2 - ((12 - 13 - 5) + -43)?
46
Evaluate 38 - (-72 - -56) - 65.
-11
What is 56 - (-19 + (9 - (-22 - -12)))?
56
What is the value of 1553 + -1540 + 2 + (2 - 0)?
17
-101 + 23 + 124 - -29
75
What is the value of 28 + -59 + -10 - (3 + 1)?
-45
What is 66 + (6 - -29) + -76?
25
Calculate -9 + 3 + (11 - (-15 + 11 - 1)).
10
Evaluate (42 - (46 - -16)) + -2 + -18.
-40
(1 - 11 - -7) + 65 + (-18 - -8)
52
(-77 - (-52 + 24)) + 18 - 16
-47
What is (-11 - (-1 + 2 + -14 + -26 - -13)) + 29?
44
Calculate -38 + -72 + 70 + 18.
-22
What is (-1 - 18) + (26 - 12) - (4 - -27)?
-36
What is the value of 29 + (43 - 48) + (-117 - -6)?
-87
What is the value of 30 - (5 - (-162 + 63))?
-74
What is 23 - 16 - (18 + -6 + 6) - -14?
3
Evaluate 6 - ((11 - 5) + -10 + 16 + 18).
-24
Evaluate 10 + (-25 - -5 - -11) + 4 + (-36 - 9).
-40
Evaluate -45 + 12 + 15 + (9 + -4 + -7 - -8).
-12
Evaluate -33 + (9 - (-1 - -6)) + (-11 - -13) + 4.
-23
(-72 - -139 - -22) + -35
54
(-6 - -29) + 13 - (-153 + 164)
25
Evaluate -8 + 4 - 1 - ((1 - -4) + -3 - -6).
-13
(-18 - (-27 - -13 - 2)) + 3 + 46 + -9
38
Calculate -38 - (35 + -151 + 38).
40
Calculate (76 - 70) + -25 + (7 - (-14 + 10)).
-8
Evaluate (12 - -12) + (2 - 25) - (34 + -2).
-31
What is (-146 + 41 - 21) + 21?
-105
Evaluate -71 + -44 + 122 + 60.
67
What is 21 + 70 + -87 + 6 + -96 + -1?
-87
Calculate -1 - 173 - (-252 - -49 - -181).
-152
Calculate -599 + 580 - ((-1 - 2) + -86) - 9.
61
What is the value of 7 + 23 + 33 + -26?
37
Evaluate -1646 + 1652 + (-3 - (-2 + 23)).
-18
What is the value of (14 - (-4 - -7)) + (0 + -11 - (-41 + 33))?
8
What is the value of -10 - (19 + (-10 - 11) - (10 - -21))?
23
What is the value of (-29 + 30 + 24 + -9 - -53) + 7?
76
Calculate -450 + 1181 + -723 - (-1 + 1 - 0 - 39).
47
Calculate -2 + -10 + -3 + 95 - (3 + 0 - 12).
89
-8 + 5 + 3 + (-88 - (13 - 2) - -6)
-93
What is -62 + (133 - -5) - 50?
26
Evaluate 11 + -1 - (-120 - -108 - (30 - 1)).
51
What is the